ppose -4 + 12 = 4*t. Suppose -2*o + 11 = -5*x - 1, 4*o - 5*x = 14. Is (t - o)/(6/78) composite?
False
Let x be 20/4 + 1 + -1. Suppose j = x - 3. Is j prime?
True
Suppose 2*g - g = 3. Let z(i) = 60*i**3 - 3*i**2 - 2*i + 3. Let f be z(g). Is f/4*2/3 a composite number?
True
Suppose -2*d + 584 = -0*d. Suppose 2*j + d = 1118. Is j composite?
True
Suppose f + 3*v - 19 = 0, -3*f = -0*f - 3*v + 3. Suppose -145 = f*a + 351. Is ((-4)/(-8))/((-2)/a) a prime number?
True
Let c(r) = -r**3 - 3*r**2 + 7*r + 7. Suppose -3*u + 3 - 18 = 0. Let o be c(u). Let m = o - -12. Is m composite?
True
Let w = 4 + -2. Is w/8 - (-393)/12 a prime number?
False
Suppose 18 = -4*r - 5*x, -3*r = x + 6 + 2. Is (-3)/(1/(-3 + r)) prime?
False
Let o = -44 - -75. Suppose -32 = -3*j + o. Is j a prime number?
False
Let a(j) = -9*j + j**2 + 156 - 155 + 2*j**2. Let l = 11 - 5. Is a(l) composite?
True
Suppose 0*t = 4*t - 3236. Is t a composite number?
False
Is 8016/14 - 12/(-28) a composite number?
True
Is (4 + 177)*(-6)/(-3) composite?
True
Suppose -o - 19 + 74 = 0. Is o prime?
False
Let f = 301 - 70. Suppose -3*j + 6*j = f. Is j a composite number?
True
Suppose 1045 = 3*a + 388. Suppose 5*h - z = 276, h - 5*h + a = z. Is h a prime number?
False
Let y(q) be the first derivative of q**4/4 - 5*q**3/3 - 7*q**2/2 + q - 1. Let c be y(6). Let f = 8 + c. Is f a composite number?
False
Suppose m = 2*t + 3*t - 6, 0 = -5*t + 10. Suppose 4*d - 3*d + 2*u = 77, 3*d - 201 = m*u. Is d composite?
False
Let b(c) be the third derivative of c**6/40 + c**5/12 + c**4/6 - c**3/6 + c**2. Let j be b(-3). Let w = j - -100. Is w a prime number?
False
Let a = -36 - -239. Is a a composite number?
True
Suppose -b = b - 3290. Suppose -5*w - b = -5*g, g = 3*g - w - 658. Is g composite?
True
Let h = 33 + 985. Is h a composite number?
True
Suppose -5*f + 153 = -4*z, -4*z = -0*z - 4*f + 156. Let u = z - -61. Is u a prime number?
True
Suppose 0*o + 172 = 4*o. Suppose 1 + o = 4*s. Is s a prime number?
True
Let f = -538 - -1923. Is f a composite number?
True
Suppose 3*m = -0*m + 6. Let l(b) = -4 + 14 + b**2 - 2*b**m. Is l(0) prime?
False
Let g be 388/(-14) - (-8)/(-28). Let b = g - -53. Is b a prime number?
False
Let r(i) = 18*i**3 - 2*i**2 - i - 5. Is r(4) prime?
False
Suppose 309 = 2*x + x. Is x composite?
False
Let o be (3 - 5)*5/(-2). Suppose -8 = -4*t + 5*c, -39 = -o*t + c - 2*c. Is t prime?
True
Suppose 0 = f + 110 - 369. Is f a composite number?
True
Let u(y) = 10*y - 5. Let o(h) = 4*h**2 + h - 1. Let r be o(1). Suppose -2*x + 10 = -r*g + 38, 28 = 3*g - 5*x. Is u(g) prime?
False
Let m = 310 - 202. Suppose -5*d - s - m = -0*s, 87 = -4*d - s. Is (-1106)/d - (-2)/6 prime?
True
Suppose -6 = 3*i - 27. Suppose -i*o + 11*o - 1644 = 0. Is o a composite number?
True
Let c be (-13899)/(-15) + 2/5. Suppose 0 = -5*g + 2*g + c. Is g prime?
False
Suppose 0 = 2*d - 4*d - s + 7, -d = 4*s. Suppose 256 = d*g - 196. Is g composite?
False
Let d(f) = f**2 - 3*f - 2*f - 67 + 62. Is d(-4) prime?
True
Suppose -j = 4*l - 2636, -4*j + 1752 + 872 = 4*l. Suppose -5*b = -l - 1245. Suppose 3*g - b = -0*g. Is g prime?
True
Let t = 460 - 303. Is t prime?
True
Let n(o) = 4*o**2 - 14*o - 1. Is n(8) prime?
False
Suppose 368 = -2*v - g, -2*v + 6*v - 3*g = -716. Let b = -99 - v. Is b a prime number?
True
Suppose 0 = 4*g + p - 1147, 4*g + 4*p = 299 + 845. Is g prime?
False
Let m(s) = -7*s + 3. Let l be m(-4). Suppose -4*i + 97 = -y + 6*y, 5*i + l = y. Suppose 0 = -3*d + 3*k + y, -3*d - 6*k = -k - 21. Is d prime?
True
Let a(f) = f**2 - 16*f - 21. Is a(-6) a prime number?
False
Let w = -9 + 124. Suppose h - 6*h = -w. Is h a prime number?
True
Let c(r) = -44*r - 1. Suppose -2*p - 13 = -3*m, -4*p = p - 4*m + 22. Is c(p) composite?
True
Suppose -10 = -5*l - 0, -4*l = -4*p - 32. Is ((-2)/p)/((-1)/(-339)) prime?
True
Let f be 1 + (-3)/((-3)/2). Suppose 5*k - f = 3*a - 11, 0 = 2*a + 2*k. Is 0/(-2) + a + 66 prime?
True
Let q = 690 - 431. Is q prime?
False
Let k(c) = 4*c**2 + 3*c**2 - 3*c**2. Let v be k(1). Suppose -2*w + 2 = -v. Is w composite?
False
Let f(m) = 10*m**2 + m - 2. Let w be f(2). Let j = w + -24. Is 39/4 - 12/j a prime number?
False
Is (-10107)/(-11) + (-10)/(-165)*3 a prime number?
True
Suppose 656 = v - r, -4*r = -2*v + r + 1318. Suppose -1722 + v = -4*i. Is i composite?
True
Suppose 5*q - q = -4*o + 272, 0 = -5*o + 25. Let z = q - 17. Is z a prime number?
False
Suppose -8*k = -k - 4753. Is k a prime number?
False
Suppose 38681 = 7*j - 1982. Suppose j = 2*i + 935. Is i a composite number?
False
Let j = 5 + -2. Is (-496)/(-6) + 1/j composite?
False
Let v = 55 - 81. Let m = 85 + v. Is m composite?
False
Let t(h) = -h**3 + 6*h**2 - 4*h - 6. Let w be t(6). Let d = 81 + w. Is d composite?
True
Let c(a) = 18*a**2 - 2*a - 4. Let q be c(-4). Let z = -111 + q. Is z composite?
False
Let f be 0 + (-2)/(-4)*0. Suppose 0 = 2*d - 8, 3*d - 20 = -2*t - d. Suppose f*c + 4 = t*c. Is c prime?
True
Let b be (-2)/((-2)/3 + 0). Suppose 0*l = -b*l + 708. Suppose 29 + l = 5*h. Is h a prime number?
True
Suppose 3*n - 1 = 2*k, -4*n = 3*k + k - 8. Suppose -n = v - 0, -5*u + 3*v + 278 = 0. Is u a composite number?
True
Let v be ((-64)/(-12))/((-1)/(-12)). Suppose -3*t = -547 + v. Is t composite?
True
Suppose 4*j - 69 = 739. Suppose 2*b = 528 - j. Is b a prime number?
True
Let c(t) = t**2 + 4*t + 3. Let k be c(-3). Suppose k = -s + 5*u + 66, -2*s - u + 87 = 4*u. Is s prime?
False
Let k be (79*-1)/(-3 - -2). Suppose c - k = -o, -2*c - 2*o + 79 = -c. Is c a prime number?
True
Suppose -4 = -3*m + m. Suppose 4*f - 2*y + 7*y - 1533 = 0, -m*f = -3*y - 739. Is f composite?
True
Suppose 0 = -y + 4*i + 35, 2*y = -2*i + 49 + 51. Let f = -12 + y. Is f composite?
True
Let v be ((-20)/8)/(2/(-4)). Suppose v*a = 4*a + 431. Is a composite?
False
Let r = 167 - 93. Is r a composite number?
True
Let j = 27 + 8. Suppose 5*u - 3*z + j = 0, -21 = 3*u + 2*z + 3*z. Let y = u - -20. Is y composite?
False
Suppose 2*t - t - 2 = 0. Suppose -244 = -4*f + t*f. Suppose -a = 5*i - f, -172 = 3*a - 3*i - 556. Is a a composite number?
False
Let j be (3 + 1)*(-1 - -2). Suppose -j*v + 442 = -30. Is v a prime number?
False
Suppose -4*l - 65 = -3*t + 4*t, 0 = -3*t - 3. Let i = 69 + l. Is i a composite number?
False
Let u be 0 + (1 - (2 - 2)). Suppose u + 3 = 2*w. Is 26/(-6)*(-17 + w) a prime number?
False
Let s(j) = -30*j + 1. Suppose -5*h - 2 = 8. Let f = -3 - h. Is s(f) a prime number?
True
Suppose -2*n = 5*r - 619, -86 + 396 = n + 3*r. Is n prime?
True
Suppose 2*y - 314 = d + 214, -4*y + 1062 = -5*d. Is y a prime number?
True
Let y(a) = -47*a - 5. Let f be (7/(-2))/((-5)/(-10)). Let t be y(f). Suppose 2*r + 1274 = 4*b, -b - 2*r + t = 3*r. Is b a composite number?
True
Suppose d = -4*l - 14, 0 = d + d + 2*l + 4. Suppose 5*j - 4092 + 612 = 0. Suppose d*x - 334 = 5*q, -q = -4*x + 2*q + j. Is x a prime number?
False
Let j be (2/(-4))/(2/(-20)). Suppose -j = -3*a + 1. Suppose -a*d = 2 - 10. Is d prime?
False
Suppose 0 = 5*u - 2*b - 28 + 8, u - 3*b = 4. Suppose -5*l + 2*i + i = -1270, -u*i + 277 = l. Is l a prime number?
True
Suppose -10 = -2*w - 88. Let o = w + 70. Is o prime?
True
Suppose -5*y = -66 - 3154. Suppose b - 53 - 108 = 5*s, -4*b + y = 3*s. Is b prime?
False
Let p = -96 + 30. Let t = p + 143. Is t a prime number?
False
Let g(a) = -a**3 + 17*a**2 - 17*a + 16. Let c be g(16). Suppose -3*w - 5*k + 164 = c, -5*k + 0 = -5. Is w composite?
False
Let n be (-1 - 0)*0/2. Suppose 19 = -p - 4*c, -5*c + n*c = 5*p + 20. Let w(a) = 43*a**3 + a - 1. Is w(p) prime?
True
Let p = -18 - -21. Suppose -2*z = -p*i + 72, 0 = -4*i - 0*i + 2*z + 94. Is i a prime number?
False
Let j(t) = t**3 - 4*t**2 - 5*t. Let z be j(5). Suppose z = 2*v - 10, 4*d = 2*v + 2*v + 1524. Is d composite?
True
Suppose -9113 - 723 = -4*w. Is w a prime number?
True
Let o = 30 - 6. Suppose o = 3*y + y. Is y a composite number?
True
Let f be 892*-1*20/(-16). Suppose 8*q - f = 3*q. Is q a composite number?
False
Let r(s) = -3*s**3 - s. Let t be r(-1). Suppose -l = 3*l. Suppose l = -m + t*g + 8 + 41, 0 = -5*m - 3*g + 176. Is m prime?
True
Suppose -5*m = -281 - 329. Suppose -m = 6*n - 7*n. Is n prime?
False
Is (-8)/28 + (-1759)/(-7) composite?
False
Suppose 5*m - 815 = 8715. Let n = -1087 + m. Is n/33 - (-4)/22 prime?
False
Suppose -8 = -2*u, -3*k + 6*